ime factors of j(g).
2, 7
Let u be 6/(-8)*(-4 + 0) + -5. Let g(a) = -84*a**3 + 7*a**2 + 4. What are the prime factors of g(u)?
2, 11
Suppose 78 = 23*w - 20*w. Suppose 5*j - w = -3*l, 8 - 2 = -2*l. Suppose j*q = 11*q - 96. What are the prime factors of q?
2, 3
Suppose 80*m - 801322 = -69*m. List the prime factors of m.
2, 2689
Suppose -2*x = -2*y - 4*x - 12, -4*y = -3*x + 3. Let p(a) = -a**3 + 6*a**2 + 9*a - 10. Let k be p(6). What are the prime factors of 140/k + y + (-3472)/(-22)?
2, 79
Let o(d) = -14*d**3 - 4*d**2 - 4*d - 2. Let i be -1 + ((-12)/(-4) - 4). Let m be o(i). Suppose 4 = j - m. What are the prime factors of j?
2, 53
Suppose 4*t - 84 = -3*p - p, 111 = 5*p + 3*t. Suppose -1425 = p*j - 9*j. Let d = j - -296. What are the prime factors of d?
3, 67
Let r be -1 + (35/1 - -4). Suppose 3*k = 99 - 81. Suppose k*h - 380 = -r. List the prime factors of h.
3, 19
Suppose -2*a + 10 = 0, 2 - 19 = 2*w - 5*a. Suppose -11*d = -w*d - 1421. What are the prime factors of d?
7, 29
Let l be (0 - (10 - 9)) + 6. Suppose -l*f - 4*n + 3562 = 0, 0 = 5*f + 18*n - 15*n - 3564. List the prime factors of f.
2, 3, 7, 17
Let j = -123 + 540. Suppose 2*m = -3*i + 632, 3*m = 2*i - 0*m - j. List the prime factors of i.
2, 3, 5, 7
Let j = -1618 - -16100. What are the prime factors of j?
2, 13, 557
Let f = 79425 + -42747. List the prime factors of f.
2, 3, 6113
Let w = 869 - -18946. List the prime factors of w.
3, 5, 1321
List the prime factors of 4 - (2 + 5 + -10 + -4169).
2, 3, 29
Suppose -4*o - 2*t + 18450 = -4022, o + 4*t - 5618 = 0. What are the prime factors of o?
2, 53
What are the prime factors of (-7)/((-7)/8)*(-3 - -1307)?
2, 163
Suppose 3*a - 20122 = -2*o, -4*a + 128 - 152 = 0. List the prime factors of o.
2, 5, 19, 53
Suppose 0 = -j + 4*j - 9. Let n be j/((-9)/(-3)) - -87. Let v = 204 - n. What are the prime factors of v?
2, 29
Let a = -16427 + 31515. List the prime factors of a.
2, 23, 41
Let b = 77 - 52. Let y(g) = -g**3 + 25*g**2 + 14*g + 32. Let i be y(b). Suppose -2387 = -13*m + i. What are the prime factors of m?
3, 71
Let i be ((-4)/14)/((-5)/35). Let h(r) be the second derivative of 33*r**3/2 + 13*r**2/2 + 65*r + 1. What are the prime factors of h(i)?
211
Let q(k) = -k**3 - 6*k**2 + 27*k - 2. Let s(w) = 3*w + 48. Let l be s(-19). Let p be q(l). What are the prime factors of (-1000)/(-4) - p - 3?
3, 83
Let c(k) = 6*k**2 + 3*k + 4. Let l(t) = -t**2 + 6*t - 10. Let m be l(3). Let y be c(m). Suppose -260 = y*i - 12*i. List the prime factors of i.
2, 13
List the prime factors of (-4)/(-14) + 173612751/2681.
7, 11, 29
Suppose 107*q - 254575 = 46*q + 44*q. List the prime factors of q.
5, 599
Let x(d) = 10042*d - 9730. What are the prime factors of x(9)?
2, 17, 593
Let u(n) = 237*n**3 - 3*n**2 + 27*n - 62. What are the prime factors of u(3)?
7, 11, 83
Suppose -10*s = -23 - 27. Suppose 4*m - 5 = -9, -s*i - 3*m = -5577. What are the prime factors of i?
2, 3, 31
Let m(y) = -18*y + 36. Let r be m(2). Suppose 5*k - 3*g - 2766 = r, -4*k = -2*g - 1384 - 828. List the prime factors of k.
2, 3, 23
Let y(j) = -1839*j + 3065. List the prime factors of y(-7).
2, 13, 613
Let j(z) = 72*z + 2*z**3 - z**3 + 564 + z**2 - 73*z. List the prime factors of j(0).
2, 3, 47
Let n(q) = q**3 - 16*q**2 - 3*q - 22. Let y be n(13). What are the prime factors of (1 - y) + -4 + (0 - -3)?
2, 71
Let t(x) = 875*x - 1126. List the prime factors of t(11).
3, 2833
Let l(t) = t**2 + 5*t + 4. Let h be l(-12). Suppose -6*c + h = -4*c + 2*s, -3*c - 2*s + 130 = 0. Let p = c - -12. List the prime factors of p.
2, 3
Suppose q = -37*q + 152. Suppose 8*i + q*i = 21060. List the prime factors of i.
3, 5, 13
What are the prime factors of ((-15)/(270/48))/(-1*(-6)/(-14130))?
2, 5, 157
Suppose 120*w - 37273 = -3*q + 115*w, 5*q - 5*w - 62175 = 0. What are the prime factors of q?
31, 401
Let f(z) = 14*z**3 - z**2 - 4. Let l be f(2). Suppose 0 = -l*t + 110*t - 5244. List the prime factors of t.
2, 19, 23
Let g = -5 + 15. Suppose g*o - 162 - 128 = 0. List the prime factors of o.
29
Suppose -4 = -r + 3*u, 10 - 32 = -r - 3*u. Suppose 0 = r*o - 33 - 97. What are the prime factors of o?
2, 5
List the prime factors of 8460 - 1 - (85 + -96).
2, 5, 7, 11
Let k(q) = 136*q**2 - 18*q - 150. What are the prime factors of k(-7)?
2, 5, 83
Suppose -10 = -4*s - s. Let z(h) = h + 11*h - 101*h**s - 7 + 107*h**2. List the prime factors of z(-5).
83
Let r(f) = f**3 - 2*f**2 + f + 4050. Let g be r(0). Suppose -g = -9*z + 3*z. List the prime factors of z.
3, 5
Let j(s) be the third derivative of -s**6/120 - s**5/4 - s**4/8 + 11*s**3/6 - 7*s**2 + 1. What are the prime factors of j(-15)?
2, 7
Let j(a) = -a**3 - 12*a**2 - 20*a + 4. Let q = -144 + 134. Let u be j(q). Suppose -5*s - 299 = -u*o, -2*s - 3*s = -3*o + 223. List the prime factors of o.
2, 19
Let o be 21147/27 + (-16)/72. Let x = -195 + o. List the prime factors of x.
2, 3, 7
List the prime factors of -289 + 885 + (-7 - 0).
19, 31
List the prime factors of 21/(-13 + 330198/25399).
3, 7, 2309
Let z(j) = j**3 + 17*j**2 + 14*j - 28. Let y be z(-16). Let h = 5 - 0. Suppose -y*f = h*o - 456 - 115, -131 = -o - 5*f. What are the prime factors of o?
3, 37
Let s(x) = -5*x**3 + 3*x**2 - 2*x - 17. Let w be s(-3). Let l = w + 10. List the prime factors of l.
7, 23
Let d(t) = 48*t**2 + 29*t - 15. List the prime factors of d(9).
2, 3, 13, 53
List the prime factors of 42405/2*(2 + (-24)/20).
2, 3, 11, 257
What are the prime factors of ((-49656)/(-9))/(44/66)?
2, 2069
Let c(d) = -2*d - 14. Suppose 4*w = 2*m - 40, -m + 6*w + 23 = 3*w. Let v be (-106)/m + 27/(-63). What are the prime factors of c(v)?
2
Let b = -8257 + 16406. What are the prime factors of b?
29, 281
Suppose 5*z + 104965 - 329577 = -3*g, 823496 = 11*g - 2*z. What are the prime factors of g?
2, 4679
Let j = -27 - -31. Suppose 3*x - 32 = -5*t - 9, -t = -j*x - 23. Suppose -t*w + 3*w + 480 = 0. What are the prime factors of w?
2, 3, 5
Let j = 6363 - -7559. What are the prime factors of j?
2, 6961
Let f = 128 - 126. Suppose -4*b - f*q + 1856 = -5*q, 1856 = 4*b + q. List the prime factors of b.
2, 29
Suppose -9364 = 26*l - 51042. What are the prime factors of l?
7, 229
Suppose -2*l - 2*l + w + 13640 = 0, 3*l + 4*w = 10230. Let b be (-8)/(-12) + l/6. What are the prime factors of b/4 - 24/96?
2, 71
Suppose i + 66 = -3*p + 232, 2*p + 4*i - 104 = 0. Suppose -p = -0*q + 4*q. List the prime factors of (-970)/q - 12/42.
3, 23
Suppose 0 = -326*a + 305*a + 34314. What are the prime factors of a?
2, 19, 43
Let s = 310 - 167. Suppose 141 - s = h. What are the prime factors of 6/16*h + 647/4?
7, 23
Suppose 608*k = 5*r + 607*k - 32571, -5*r - 5*k + 32535 = 0. List the prime factors of r.
3, 13, 167
Suppose 10*d - 10*d + 89570 = 26*d. List the prime factors of d.
5, 13, 53
Let d be (500290/175)/((-16)/10 + 2). Suppose -d = 1197*s - 1204*s. List the prime factors of s.
1021
Let s = 110 - -360. Suppose 0 = 6*p - s - 460. Suppose -9*v + 8*v = -p. What are the prime factors of v?
5, 31
Let y = -687 + 690. Let v(w) = 89*w**2 - 15*w + 1. List the prime factors of v(y).
757
Let w(t) = t**2 - 17*t + 16. Let p be w(16). Let g = 10 + -86. Let k = p - g. What are the prime factors of k?
2, 19
Suppose -3*d = 12, 0 = -3*g - 2*g + 3*d + 37. Suppose 13 = 4*n - 3*x + 68, -n - g*x + 15 = 0. What are the prime factors of (-6*59)/(15/n)?
2, 59
Let h = 7427 - -7748. List the prime factors of h.
5, 607
Suppose 3*k - 33*f + 10637 = -34*f, 10627 = -3*k + f. List the prime factors of k/(-20) - (-2)/(-10).
3, 59
Let y = -346 - -17629. What are the prime factors of y?
3, 7, 823
Let k(w) = -8*w**2 - 768*w + 17. List the prime factors of k(-84).
8081
Let h be 10 - (-7 - 3 - -5). Let m be (-3)/h + 62/10 + -4. Suppose 0 = 5*c, -2*c = -2*d + m*c + 160. List the prime factors of d.
2, 5
Suppose -7328 = -16*y + 2*y + 8870. List the prime factors of y.
13, 89
Let g(p) = -p - 11. Let i be g(-13). Suppose -4*v + i = m, -2*m + 35 = -3*v - 2. Suppose m = -5*h + 184. What are the prime factors of h?
2, 17
Suppose -5*z = -4*i + 6 + 1, -4*i - z = -13. Let v be (-1120)/(-24) - i/(-9). Let j = 4 + v. What are the prime factors of j?
3, 17
Let b(t) = -2*t**2 + 16*t + 2. Let f be b(8). Suppose 4*l = u - 30 + 12, 2*u - 3*l = 16. List the prime factors of (-75)/(-1) + f + u.
79
Suppose 0